 = -52*u**2 - 58*u + 1. Let i(a) = -7*w(a) + 3*x(a). Give i(-6).
51
Let a(s) = -23*s - 2. Suppose 0 = 7*x - 11*x + 6*i - 12, -5*x = 2*i - 23. Give a(x).
-71
Let y(h) = -22*h**2 - 40*h + 94. Let r(i) be the third derivative of i**5/12 + 5*i**4/12 - 23*i**3/6 - 3*i**2 - 41. Let n(q) = 9*r(q) + 2*y(q). What is n(-12)?
5
Let x(b) = 5*b + 84. Let m be x(-17). Let l(a) = -46*a + 2. Give l(m).
48
Let l(x) be the second derivative of x**4/12 - 2*x**3/3 + 3*x. Let h be (-2523)/24 - (-13)/104. Let y = 108 + h. What is l(y)?
-3
Let z(t) = t - 34. Let b be 195/(-12) + 16 + (68/16 - -1). Give z(b).
-29
Let g(i) = i**3 - 14*i**2 - i + 16. Let j be g(14). Let b(w) = -2*w**3 + 7*w**2 - 2*w - 1. Let a be b(j). Let m(s) = a - 5*s + 0*s + 7*s + s. Calculate m(-6).
-11
Let n(f) = f**2 + 34*f + 289. Let b be (5 + -185)/12 - (-1 - (3 - 6)). Give n(b).
0
Let n(z) = -7*z + 1. Let w = -95 + 96. Let d be n(w). Let p(x) = x**2 + 7*x + 1. Determine p(d).
-5
Let r = -5 + 10. Let p(d) be the third derivative of d**6/120 - d**5/15 - 7*d**4/24 + 2*d**3/3 + 2*d**2 + 538*d + 5. Determine p(r).
-6
Let i(f) = -2*f - 4. Let n(r) = 288 - 3*r**2 + 0*r**2 - r + 4*r**2 - 323. Let k be n(6). Give i(k).
6
Suppose 2*f - 17 = -1. Suppose 0 = -2*y - 2*y + f. Let i(n) be the third derivative of -5*n**4/24 + n**3/3 + 5*n**2. Give i(y).
-8
Suppose -15*k = -18*k + 102. Suppose 0 = -2*b - k + 44. Let d(c) = -c**3 + 6*c**2 - 5*c - 7. What is d(b)?
-7
Let w(g) = -2*g**2 - 13*g - 5. Let s(h) = -h**2 - 21*h + 156. Let p be s(-27). Give w(p).
1
Let p be (31/1)/((18/(-12))/(-3)). Let k(x) = -2*x - 60 - 3*x + p - x. Give k(-2).
14
Let b be ((-2)/18)/(392/(-21168)). Let r(y) be the first derivative of b*y + 28 - 1/2*y**2. Give r(6).
0
Let b(s) = 0 + 4*s + 4*s + s**2 - 11. Suppose -880 = 5*z + 37*z + 46*z. Calculate b(z).
9
Let h(k) = 2 - 4*k**2 + 8 + k**3 - 4 - 7*k. Let d be h(5). Let t be (-2 + 6)*-2*2/d. Let o(l) = l**2 - 2*l - 1. What is o(t)?
7
Let p(c) = -c**2 - 14*c + 8. Suppose -223*k = -218*k + 65. Give p(k).
21
Let s(r) = -r + 9. Let q = 94 - 95. Suppose -5*b = -3*d - 86, b = -b + 4*d + 40. Let i be b/((-320)/(-75)) + q/(-4). Give s(i).
5
Let i(p) = -p - 40. Let y be 22/(-176) - (-3)/24. Calculate i(y).
-40
Let f(u) = 2*u**2 - 6*u - 47. Let k(j) = -j**3 + 64*j**2 + 40*j + 1633. Let t be k(65). Give f(t).
33
Let j be 21/28 + 4 - 1/(-4). Suppose -5*i + 13 = 3. Let u(k) = -5*k**2 + 0*k**i + 4*k**2 + 6 + 3*k. Give u(j).
-4
Suppose 5*w + 20 = w, 0 = -2*i - w - 75. Let p = -19 - i. Let k = -14 + p. Let b(r) = 3*r**2 + r + 1. Determine b(k).
15
Let r(d) = -7*d + 44. Let k be ((-328)/(-1148))/((-1)/(-28)). Determine r(k).
-12
Let t(a) = -a**3 - 9*a**2 + 3*a + 12. Let w(s) = -8*s**2 + 5*s - 6. Let f = 197 + -196. Let x be w(f). Determine t(x).
-15
Let d(v) = -v - 2. Let c be 12/18*15/10 - -10. Suppose 5*w = 4*q - 76, -w - c*q + 8 = -6*q. Calculate d(w).
10
Let q = -11 + 6. Suppose 0 = -9*v - 105 + 123. Let x(r) = 5*r - 5*r - 2 - r**v + 0*r**2 - 6*r. Determine x(q).
3
Let y(f) be the first derivative of -f**3/3 - 27*f**2 - 324*f + 6779. What is y(-7)?
5
Suppose 50648*n + 180 = 50708*n. Let u(t) be the first derivative of t + 1/2*t**4 + 0*t**2 + 25 + 0*t**n. What is u(-2)?
-15
Let a be (18/(-10))/((-8)/(-20))*-2. Suppose a*c = -11*c + 80. Let u(b) = 15*b - 6. Calculate u(c).
54
Let m = 34 - 31. Suppose -5*v - 2 = m*f, -v = f + 2*v + 2. Let z(i) = -i + 1. Let p(k) = -10*k - 1. Let l(j) = f*p(j) + 2*z(j). Determine l(-1).
13
Let o(m) = m + 2. Let x = -595 - -541. Let p(t) = t**3 + 3*t**2 - 4. Let q be p(3). Let n = x + q. Calculate o(n).
-2
Let f(y) = 5*y - 30. Suppose -4*u + 61 = -130*j + 125*j, -u + 34 = -5*j. Calculate f(u).
15
Let f(h) = h**3 + 2*h**2 - h + 3. Let u be f(-2). Let l(z) = 1 - 2*z**3 + 3*z**3 - 2*z - 4 - 5*z**2 - 4. What is l(u)?
-17
Suppose 120*o - 112 - 254 = -6. Let z(w) = -35*w - 1. Give z(o).
-106
Suppose z - 3 = 4*h, -3*h = 4*z - 0*h - 12. Let i = z + -4. Let w(a) = a**2 + 1. Let k(r) = -6*r**2 + r - 2. Let g(o) = -k(o) - 2*w(o). Give g(i).
5
Let q be (-1)/4 + (-22)/8. Suppose -4*s - 145 + 153 = 0. Let i(v) = 3*v + v**3 + 0*v**2 + 5*v**s + 31 - v - 29. Determine i(q).
14
Let t(g) = -3*g**2 - 104*g + 40. Suppose 578 = 8*h + 858. Calculate t(h).
5
Suppose -4*y - 4*o + 16 = 0, 87*y + 5*o = 86*y + 8. Let x(u) = -u**3 + 3*u**2 + 17*u - 44. What is x(y)?
7
Let d = -2491 + 2495. Let n(l) be the third derivative of 0*l - 1/24*l**d + 2*l**2 + 5/6*l**3 + 0. Calculate n(4).
1
Let c(m) = 14*m**3 + 2*m**2 - m + 1. Let a(q) = 12*q**3 + 3*q**2 - q + 1. Let g = 260 - 264. Let h(w) = g*c(w) + 3*a(w). Determine h(1).
-19
Let m = -177 - -185. Suppose -8 = 4*l + m. Let u(o) = -o**3 - 5*o**2 - 4*o - 5. Determine u(l).
-5
Let h(l) = -l**3 - 9*l**2 - 5*l + 4. Let j(v) = 167*v - 1845. Let k be j(11). What is h(k)?
-20
Let q(n) = -n**3 - 7*n**2 + 15*n + 122. Let l be q(-6). Let o(t) = 8*t - 21. Determine o(l).
-53
Let d = 99 + -95. Suppose -5*c + 0*c = -5. Let k be 5 - d/(c - -1). Let j(v) = -v**2 + 2*v. What is j(k)?
-3
Let a(t) = -t**3 + 9*t**2 - 6*t + 4. Let r be a(8). Let w = 22 - r. Let b(x) = -3*x**w - 5*x**2 + 3*x**2. Give b(-1).
-5
Suppose -33*v + 384 = -9*v. Let z(f) = -20 - f**2 - v + 52 + 5*f - 18. Determine z(7).
-16
Let a = 1 - -5. Let t(o) be the third derivative of o**6/120 - 7*o**5/60 + o**4/24 + o**3 - 3*o**2 - 9*o. Give t(a).
-24
Let w(s) = -s**2 - 17*s + 22 - 16*s + 26*s. Suppose 4*u = -0*u + m - 43, 4*u + 52 = 4*m. Let q be w(u). Let x(n) = n. What is x(q)?
-8
Let i(b) = 39*b + 267. Let q be 6 - ((-5304)/(-416) + 2/8). Determine i(q).
-6
Let t(n) be the second derivative of -n**5/20 - n**4/2 + 4*n**3/3 - 2*n**2 - 2*n. Suppose 46*v + 179 + 123 = -20. Give t(v).
-11
Let l(q) = -3*q + 3 + q - 3. Let o = 16 + 12. Suppose 4*c = -i - 14, -6*i + 2*i - o = 2*c. Calculate l(i).
12
Let y(m) = -22*m + 129. Let f(l) = l - 1. Let k(w) = -f(w) - y(w). Let s be k(6). Let o(n) = -3*n**3 - 4*n**2 - n + 2. Give o(s).
12
Let k(v) = -2*v**2 - v - 1. Let n(p) = p - 21. Suppose -38 = -22*a + 20*a. Let o be n(a). Calculate k(o).
-7
Let s(h) = 3*h**2 - 51*h + 30. Let z(v) = -2*v**2 + 34*v - 20. Let d(b) = 5*s(b) + 8*z(b). What is d(8)?
62
Let n(d) = -2*d**3 + 3*d**2 + 2*d + 9. Let u(v) = 2*v**3 + 40*v**2 + 101*v - 14. Let m be u(-17). Give n(m).
-12
Suppose -5 = 6*d - 7*d. Let j(h) = 15*h**2. Let a be j(1). Let m(l) = -12 + 4*l + a - d. What is m(2)?
6
Suppose d + 3 = 0, 0 = -5*b + 49*d - 48*d + 13. Let m(g) be the second derivative of 0 - 7/20*g**5 - 1/6*g**3 - 31*g + 1/2*g**b + 1/12*g**4. Determine m(1).
-6
Let t(l) = -3*l**3 + 61*l**2 + 8*l + 2. Let n be t(20). Let y = 556 - n. Let a(z) = -3*z - 1. Give a(y).
17
Let b(m) = -m**3 + 12*m**2 + 28*m - 3. Let i(h) = -64*h**2 - 195*h + 5. Let q be i(-3). Determine b(q).
-3
Let m(d) = -d**2 + 4*d + 5. Suppose -236 = -7*y + 86. Suppose -40*x + y*x - 30 = 0. Determine m(x).
0
Suppose -324 = -7*a + 26. Let c = a + -41. Let u = -12 + c. Let h(d) = -d**3 - 3*d**2 + d + 2. Calculate h(u).
-1
Let d be 4 - -238 - (-3 - -3). Suppose -d*c + 237*c + 65 = 0. Let q(x) = x - 16. Give q(c).
-3
Let b(q) = -q. Let y = -4075 - -4076. Let g(k) = -5 + 5 + 5. Let i(o) = y*g(o) - 2*b(o). Determine i(-6).
-7
Let i(t) be the third derivative of -t**4/3 + 5*t**3/6 + 1155*t**2. Determine i(8).
-59
Let c(v) = 74*v - 13 - 3*v**2 + 83*v + 86*v - 3*v**2 - 239*v. What is c(4)?
-93
Let t be (2*(-1)/2)/((9 + -4)/35). Let p(w) = -w**3 - 5*w**2 + 8*w + 10. What is p(t)?
52
Let w(t) = -6*t + 4 - 4 - t**2 + 21. Let p = 150654 + -150663. Calculate w(p).
-6
Suppose -252*u + 254*u = 18. Suppose -117 = 36*m - u. Let d(b) = b**2 + b + 1. What is d(m)?
7
Suppose -4*m = -5*i - 67, -9*m + 3*i = -8*m - 15. Let w(j) = -2*j**3 + 37*j**2 - 19*j + 16. Calculate w(m).
-2
Let y(z) = -52*z - 62*z - 4*z**2 + z**3 + 117*z. Let x = 49 + -45. Suppose -x*d = -6*d + 4. Calculate y(d).
-2
Let t(a) = a**3 - 6*a**2 + 2*a - 8. Let k(j) = 7*j**2 - 13*j + j**2 - 4 + 2*j**3 - j**3 - 2*j**3. Let u be k(5). What is t(u)?
4
Let s(o) = o**2 - 9*o - 39. Let g be 1/((2 - 1)*(-23)/(-299)). Calculate s(g).
13
Let u(d) = 2*d**2 - 18*d + 22. Suppose 176*v + 163*v - 9*v - 2640 = 0. Give u(v).
6
Let c(i) = -i**3 + 16*i**2 - 14*i - 8. Let n be c(15). Suppose 3*w = 52 - n. Let h(t) = -w - 3*t + 8*t - 16*t - t**2 + 4. What is h(-8)?
13
Le